{"id":19044,"date":"2021-01-19T19:06:20","date_gmt":"2021-01-19T18:06:20","guid":{"rendered":"https:\/\/www.ecoceutics.com\/politica-de-privacidad-ecoceutics\/"},"modified":"2022-12-21T11:50:29","modified_gmt":"2022-12-21T10:50:29","slug":"politica-de-privacitat-ecoceutics","status":"publish","type":"page","link":"https:\/\/www.ecoceutics.com\/ca\/politica-de-privacitat-ecoceutics\/","title":{"rendered":"Pol\u00edtica de privacitat"},"content":{"rendered":"\n<p>En compliment del que es disposa al Reglament (UE) 2016\/679, de protecci\u00f3 de dades de car\u00e0cter personal, us informem que les dades personals que vost\u00e8 faciliti seran tractades segons el seg\u00fcent:<\/p>\n\n\n\n<ul class=\"wp-block-list\">\n<li>Responsable del tractament de les dades recaptades \u00e9s: ECOCEUTICS, S.L. (d&#8217;ara endavant, \u201cECOCEUTICS\u201d)<\/li>\n\n\n\n<li>Domicili social: Avinguda Diagonal 472-476 esc. A 1r 2a, 08006 Barcelona<\/li>\n\n\n\n<li>NIF: B-17733601<\/li>\n\n\n\n<li>Dades de contacte del Delegat de protecci\u00f3 de dades: dpo@ecoceutics.com<\/li>\n<\/ul>\n\n\n\n<p>Les dades personals que ens faciliti mitjan\u00e7ant l&#8217;emplenament del present formulari es tractaran per a les finalitats seg\u00fcents:<\/p>\n\n\n\n<p>1a. Possibilitar el manteniment, desenvolupament i gesti\u00f3 de la relaci\u00f3 negocial formalitzada per la contractaci\u00f3 de productes i\/o serveis, aix\u00ed com la gesti\u00f3 a l&#8217;App dels punts obtinguts amb les seves compres a les diferents farm\u00e0cies col\u00b7laboradores. Les dades tractades amb l&#8217;objecte de les quals es conservaran mentre es mantingui aquesta relaci\u00f3 negocial i, una vegada finalitzada aquesta, durant els terminis de conservaci\u00f3 i de prescripci\u00f3 de responsabilitats legalment previstos.<\/p>\n\n\n\n<p>2a. Mantenir-lo informat, fins i tot per mitjans electr\u00f2nics, sobre els productes, serveis, novetats i descomptes d&#8217;ECOCEUTICS, per tal de fidelitzar-lo com a client. Per aix\u00f2, hem d&#8217;analitzar el seu perfil de compra per poder enviar-li la informaci\u00f3 que li pugui resultar del seu inter\u00e8s i aix\u00ed poder prestar-li un servei personalitzat. Les dades tractades amb l&#8217;objecte de les quals es conservaran fins a la revocaci\u00f3 del consentiment donat per a la recepci\u00f3 d&#8217;aquestes comunicacions, i despr\u00e9s d&#8217;aix\u00f2, durant els terminis de conservaci\u00f3 i prescripci\u00f3 de responsabilitats legalment previstos.<\/p>\n\n\n\n<p>3a. Gestionar la seva candidatura per ocupar un lloc de treball. Tant si el candidat utilitza l&#8217;opci\u00f3 \u201cOfertes de treball\u201d com l&#8217;opci\u00f3 \u201cAdjunta el teu curr\u00edculum\u201d coneix i accepta que les dades seran cedides a totes les farm\u00e0cies que es troben adherides al grup ECOCEUTICS (https:\/\/www.ecoceutics.com\/ les-farm\u00e0cies\/.). Les dades tractades es conservaran fins que quedin desactualitzades, se&#8217;n revoqui el consentiment o en tot cas, transcorreguts 24 mesos des de la recepci\u00f3.<\/p>\n\n\n\n<p>4a. Atendre les sol\u00b7licituds d&#8217;informaci\u00f3 i\/o consultes efectuades per vost\u00e8. Les dades tractades amb l&#8217;objecte de les quals es conservaran durant els terminis de conservaci\u00f3 i de prescripci\u00f3 de responsabilitats legalment previstes.<\/p>\n\n\n\n<p>La base jur\u00eddica per dur a terme els tractaments de dades especificats a l&#8217;apartat anterior \u00e9s la seg\u00fcent:<\/p>\n\n\n\n<ol class=\"wp-block-list\">\n<li>El seu consentiment.<\/li>\n\n\n\n<li>El seu consentiment.<\/li>\n\n\n\n<li>El seu consentiment.<\/li>\n\n\n\n<li>L&#8217;inter\u00e8s leg\u00edtim d&#8217;ECOCEUTICS per atendre les consultes i sol\u00b7licituds que ens dirigeixi.<\/li>\n<\/ol>\n\n\n\n<p>A m\u00e9s, ECOCEUTICS podr\u00e0 cedir les seves dades personals -incl\u00f2s el seu perfil de compra- a la resta de farm\u00e0cies col\u00b7laboradores amb ECOCEUTICS, totes dedicades a la venda minorista de productes farmac\u00e8utics, perqu\u00e8 vost\u00e8 pugui aprofitar-se dels beneficis i descomptes que tingui acumulats. Podeu consultar el llistat de farm\u00e0cies col\u00b7laboradores amb ECOCEUTICS al seg\u00fcent enlla\u00e7 https:\/\/www.ecoceutics.com\/las-farmacias\/.<\/p>\n\n\n\n<p>Finalment, us informem que podeu exercir els vostres drets d&#8217;acc\u00e9s, rectificaci\u00f3, supressi\u00f3, limitaci\u00f3 del tractament, portabilitat de les dades i oposici\u00f3 inclosa l&#8217;elaboraci\u00f3 de perfils, aix\u00ed com retirar en qualsevol moment el consentiment sense que aix\u00f2 afecti la licitud del tractament previ a retirada. Per a l&#8217;exercici d&#8217;aquests drets, podeu enviar la vostra sol\u00b7licitud a: Avinguda Diagonal 472-476 esc. A 1r 2a, 08006 Barcelona; oa l&#8217;adre\u00e7a de correu electr\u00f2nic dpo@ecoceutics.com. Podeu contactar amb el nostre Delegat de Protecci\u00f3 de Dades a l&#8217;adre\u00e7a postal abans indicada o al correu electr\u00f2nic dpo@ecoceutics.com.<\/p>\n\n\n\n<p>En tot cas, vost\u00e8 t\u00e9 dret a presentar una reclamaci\u00f3 davant la corresponent autoritat de control si ho estima oport\u00fa.<\/p>\n","protected":false},"excerpt":{"rendered":"<p>En compliment del que es disposa al Reglament (UE) 2016\/679, de protecci\u00f3 de dades de car\u00e0cter personal, us informem que les dades personals que vost\u00e8 faciliti seran tractades segons el seg\u00fcent: Les dades personals que ens faciliti mitjan\u00e7ant l&#8217;emplenament del present formulari es tractaran per a les finalitats seg\u00fcents: 1a. Possibilitar el manteniment, desenvolupament i [&hellip;]<\/p>\n","protected":false},"author":4,"featured_media":0,"parent":0,"menu_order":0,"comment_status":"closed","ping_status":"closed","template":"","meta":{"_acf_changed":false,"inline_featured_image":false,"_mbp_gutenberg_autopost":false,"footnotes":""},"class_list":["post-19044","page","type-page","status-publish","hentry"],"acf":[],"yoast_head":"<!-- This site is optimized with the Yoast SEO plugin v27.5 - https:\/\/yoast.com\/product\/yoast-seo-wordpress\/ -->\n<title>Pol\u00edtica de privacitat - ecoceutics<\/title>\n<meta name=\"robots\" content=\"noindex, nofollow\" \/>\n<meta property=\"og:locale\" content=\"ca_ES\" \/>\n<meta property=\"og:type\" content=\"article\" \/>\n<meta property=\"og:title\" content=\"Pol\u00edtica de privacitat - ecoceutics\" \/>\n<meta property=\"og:description\" content=\"En compliment del que es disposa al Reglament (UE) 2016\/679, de protecci\u00f3 de dades de car\u00e0cter personal, us informem que les dades personals que vost\u00e8 faciliti seran tractades segons el seg\u00fcent: Les dades personals que ens faciliti mitjan\u00e7ant l&#8217;emplenament del present formulari es tractaran per a les finalitats seg\u00fcents: 1a. Possibilitar el manteniment, desenvolupament i [&hellip;]\" \/>\n<meta property=\"og:url\" content=\"https:\/\/www.ecoceutics.com\/ca\/politica-de-privacitat-ecoceutics\/\" \/>\n<meta property=\"og:site_name\" content=\"ecoceutics\" \/>\n<meta property=\"article:modified_time\" content=\"2022-12-21T10:50:29+00:00\" \/>\n<meta name=\"twitter:card\" content=\"summary_large_image\" \/>\n<meta name=\"twitter:label1\" content=\"Temps estimat de lectura\" \/>\n\t<meta name=\"twitter:data1\" content=\"3 minuts\" \/>\n<script type=\"application\/ld+json\" class=\"yoast-schema-graph\">{\"@context\":\"https:\\\/\\\/schema.org\",\"@graph\":[{\"@type\":\"WebPage\",\"@id\":\"https:\\\/\\\/www.ecoceutics.com\\\/ca\\\/politica-de-privacitat-ecoceutics\\\/\",\"url\":\"https:\\\/\\\/www.ecoceutics.com\\\/ca\\\/politica-de-privacitat-ecoceutics\\\/\",\"name\":\"Pol\u00edtica de privacitat - ecoceutics\",\"isPartOf\":{\"@id\":\"https:\\\/\\\/www.ecoceutics.com\\\/ca\\\/#website\"},\"datePublished\":\"2021-01-19T18:06:20+00:00\",\"dateModified\":\"2022-12-21T10:50:29+00:00\",\"breadcrumb\":{\"@id\":\"https:\\\/\\\/www.ecoceutics.com\\\/ca\\\/politica-de-privacitat-ecoceutics\\\/#breadcrumb\"},\"inLanguage\":\"ca\",\"potentialAction\":[{\"@type\":\"ReadAction\",\"target\":[\"https:\\\/\\\/www.ecoceutics.com\\\/ca\\\/politica-de-privacitat-ecoceutics\\\/\"]}]},{\"@type\":\"BreadcrumbList\",\"@id\":\"https:\\\/\\\/www.ecoceutics.com\\\/ca\\\/politica-de-privacitat-ecoceutics\\\/#breadcrumb\",\"itemListElement\":[{\"@type\":\"ListItem\",\"position\":1,\"name\":\"Portada\",\"item\":\"https:\\\/\\\/www.ecoceutics.com\\\/ca\\\/\"},{\"@type\":\"ListItem\",\"position\":2,\"name\":\"Pol\u00edtica de privacitat\"}]},{\"@type\":\"WebSite\",\"@id\":\"https:\\\/\\\/www.ecoceutics.com\\\/ca\\\/#website\",\"url\":\"https:\\\/\\\/www.ecoceutics.com\\\/ca\\\/\",\"name\":\"ecoceutics\",\"description\":\"Primera red de farmacias independientes bajo una marca\",\"publisher\":{\"@id\":\"https:\\\/\\\/www.ecoceutics.com\\\/ca\\\/#organization\"},\"potentialAction\":[{\"@type\":\"SearchAction\",\"target\":{\"@type\":\"EntryPoint\",\"urlTemplate\":\"https:\\\/\\\/www.ecoceutics.com\\\/ca\\\/?s={search_term_string}\"},\"query-input\":{\"@type\":\"PropertyValueSpecification\",\"valueRequired\":true,\"valueName\":\"search_term_string\"}}],\"inLanguage\":\"ca\"},{\"@type\":\"Organization\",\"@id\":\"https:\\\/\\\/www.ecoceutics.com\\\/ca\\\/#organization\",\"name\":\"Ecoceutics\",\"url\":\"https:\\\/\\\/www.ecoceutics.com\\\/ca\\\/\",\"logo\":{\"@type\":\"ImageObject\",\"inLanguage\":\"ca\",\"@id\":\"https:\\\/\\\/www.ecoceutics.com\\\/ca\\\/#\\\/schema\\\/logo\\\/image\\\/\",\"url\":\"https:\\\/\\\/www.ecoceutics.com\\\/wp-content\\\/uploads\\\/2022\\\/02\\\/Logo-Ecoceutics-SVG-01-1.svg\",\"contentUrl\":\"https:\\\/\\\/www.ecoceutics.com\\\/wp-content\\\/uploads\\\/2022\\\/02\\\/Logo-Ecoceutics-SVG-01-1.svg\",\"width\":232,\"height\":68,\"caption\":\"Ecoceutics\"},\"image\":{\"@id\":\"https:\\\/\\\/www.ecoceutics.com\\\/ca\\\/#\\\/schema\\\/logo\\\/image\\\/\"}}]}<\/script>\n<!-- \/ Yoast SEO plugin. -->","yoast_head_json":{"title":"Pol\u00edtica de privacitat - ecoceutics","robots":{"index":"noindex","follow":"nofollow"},"og_locale":"ca_ES","og_type":"article","og_title":"Pol\u00edtica de privacitat - ecoceutics","og_description":"En compliment del que es disposa al Reglament (UE) 2016\/679, de protecci\u00f3 de dades de car\u00e0cter personal, us informem que les dades personals que vost\u00e8 faciliti seran tractades segons el seg\u00fcent: Les dades personals que ens faciliti mitjan\u00e7ant l&#8217;emplenament del present formulari es tractaran per a les finalitats seg\u00fcents: 1a. Possibilitar el manteniment, desenvolupament i [&hellip;]","og_url":"https:\/\/www.ecoceutics.com\/ca\/politica-de-privacitat-ecoceutics\/","og_site_name":"ecoceutics","article_modified_time":"2022-12-21T10:50:29+00:00","twitter_card":"summary_large_image","twitter_misc":{"Temps estimat de lectura":"3 minuts"},"schema":{"@context":"https:\/\/schema.org","@graph":[{"@type":"WebPage","@id":"https:\/\/www.ecoceutics.com\/ca\/politica-de-privacitat-ecoceutics\/","url":"https:\/\/www.ecoceutics.com\/ca\/politica-de-privacitat-ecoceutics\/","name":"Pol\u00edtica de privacitat - ecoceutics","isPartOf":{"@id":"https:\/\/www.ecoceutics.com\/ca\/#website"},"datePublished":"2021-01-19T18:06:20+00:00","dateModified":"2022-12-21T10:50:29+00:00","breadcrumb":{"@id":"https:\/\/www.ecoceutics.com\/ca\/politica-de-privacitat-ecoceutics\/#breadcrumb"},"inLanguage":"ca","potentialAction":[{"@type":"ReadAction","target":["https:\/\/www.ecoceutics.com\/ca\/politica-de-privacitat-ecoceutics\/"]}]},{"@type":"BreadcrumbList","@id":"https:\/\/www.ecoceutics.com\/ca\/politica-de-privacitat-ecoceutics\/#breadcrumb","itemListElement":[{"@type":"ListItem","position":1,"name":"Portada","item":"https:\/\/www.ecoceutics.com\/ca\/"},{"@type":"ListItem","position":2,"name":"Pol\u00edtica de privacitat"}]},{"@type":"WebSite","@id":"https:\/\/www.ecoceutics.com\/ca\/#website","url":"https:\/\/www.ecoceutics.com\/ca\/","name":"ecoceutics","description":"Primera red de farmacias independientes bajo una marca","publisher":{"@id":"https:\/\/www.ecoceutics.com\/ca\/#organization"},"potentialAction":[{"@type":"SearchAction","target":{"@type":"EntryPoint","urlTemplate":"https:\/\/www.ecoceutics.com\/ca\/?s={search_term_string}"},"query-input":{"@type":"PropertyValueSpecification","valueRequired":true,"valueName":"search_term_string"}}],"inLanguage":"ca"},{"@type":"Organization","@id":"https:\/\/www.ecoceutics.com\/ca\/#organization","name":"Ecoceutics","url":"https:\/\/www.ecoceutics.com\/ca\/","logo":{"@type":"ImageObject","inLanguage":"ca","@id":"https:\/\/www.ecoceutics.com\/ca\/#\/schema\/logo\/image\/","url":"https:\/\/www.ecoceutics.com\/wp-content\/uploads\/2022\/02\/Logo-Ecoceutics-SVG-01-1.svg","contentUrl":"https:\/\/www.ecoceutics.com\/wp-content\/uploads\/2022\/02\/Logo-Ecoceutics-SVG-01-1.svg","width":232,"height":68,"caption":"Ecoceutics"},"image":{"@id":"https:\/\/www.ecoceutics.com\/ca\/#\/schema\/logo\/image\/"}}]}},"_links":{"self":[{"href":"https:\/\/www.ecoceutics.com\/ca\/wp-json\/wp\/v2\/pages\/19044","targetHints":{"allow":["GET"]}}],"collection":[{"href":"https:\/\/www.ecoceutics.com\/ca\/wp-json\/wp\/v2\/pages"}],"about":[{"href":"https:\/\/www.ecoceutics.com\/ca\/wp-json\/wp\/v2\/types\/page"}],"author":[{"embeddable":true,"href":"https:\/\/www.ecoceutics.com\/ca\/wp-json\/wp\/v2\/users\/4"}],"replies":[{"embeddable":true,"href":"https:\/\/www.ecoceutics.com\/ca\/wp-json\/wp\/v2\/comments?post=19044"}],"version-history":[{"count":0,"href":"https:\/\/www.ecoceutics.com\/ca\/wp-json\/wp\/v2\/pages\/19044\/revisions"}],"wp:attachment":[{"href":"https:\/\/www.ecoceutics.com\/ca\/wp-json\/wp\/v2\/media?parent=19044"}],"curies":[{"name":"wp","href":"https:\/\/api.w.org\/{rel}","templated":true}]}}

Política de privacitat

<p>En compliment del que es disposa al Reglament (UE) 2016/679, de protecció de dades de caràcter personal, us informem que les dades personals que vostè faciliti seran tractades segons el següent:</p>



<ul class="wp-block-list">
<li>Responsable del tractament de les dades recaptades és: ECOCEUTICS, S.L. (d&#8217;ara endavant, “ECOCEUTICS”)</li>



<li>Domicili social: Avinguda Diagonal 472-476 esc. A 1r 2a, 08006 Barcelona</li>



<li>NIF: B-17733601</li>



<li>Dades de contacte del Delegat de protecció de dades: dpo@ecoceutics.com</li>
</ul>



<p>Les dades personals que ens faciliti mitjançant l&#8217;emplenament del present formulari es tractaran per a les finalitats següents:</p>



<p>1a. Possibilitar el manteniment, desenvolupament i gestió de la relació negocial formalitzada per la contractació de productes i/o serveis, així com la gestió a l&#8217;App dels punts obtinguts amb les seves compres a les diferents farmàcies col·laboradores. Les dades tractades amb l&#8217;objecte de les quals es conservaran mentre es mantingui aquesta relació negocial i, una vegada finalitzada aquesta, durant els terminis de conservació i de prescripció de responsabilitats legalment previstos.</p>



<p>2a. Mantenir-lo informat, fins i tot per mitjans electrònics, sobre els productes, serveis, novetats i descomptes d&#8217;ECOCEUTICS, per tal de fidelitzar-lo com a client. Per això, hem d&#8217;analitzar el seu perfil de compra per poder enviar-li la informació que li pugui resultar del seu interès i així poder prestar-li un servei personalitzat. Les dades tractades amb l&#8217;objecte de les quals es conservaran fins a la revocació del consentiment donat per a la recepció d&#8217;aquestes comunicacions, i després d&#8217;això, durant els terminis de conservació i prescripció de responsabilitats legalment previstos.</p>



<p>3a. Gestionar la seva candidatura per ocupar un lloc de treball. Tant si el candidat utilitza l&#8217;opció “Ofertes de treball” com l&#8217;opció “Adjunta el teu currículum” coneix i accepta que les dades seran cedides a totes les farmàcies que es troben adherides al grup ECOCEUTICS (https://www.ecoceutics.com/ les-farmàcies/.). Les dades tractades es conservaran fins que quedin desactualitzades, se&#8217;n revoqui el consentiment o en tot cas, transcorreguts 24 mesos des de la recepció.</p>



<p>4a. Atendre les sol·licituds d&#8217;informació i/o consultes efectuades per vostè. Les dades tractades amb l&#8217;objecte de les quals es conservaran durant els terminis de conservació i de prescripció de responsabilitats legalment previstes.</p>



<p>La base jurídica per dur a terme els tractaments de dades especificats a l&#8217;apartat anterior és la següent:</p>



<ol class="wp-block-list">
<li>El seu consentiment.</li>



<li>El seu consentiment.</li>



<li>El seu consentiment.</li>



<li>L&#8217;interès legítim d&#8217;ECOCEUTICS per atendre les consultes i sol·licituds que ens dirigeixi.</li>
</ol>



<p>A més, ECOCEUTICS podrà cedir les seves dades personals -inclòs el seu perfil de compra- a la resta de farmàcies col·laboradores amb ECOCEUTICS, totes dedicades a la venda minorista de productes farmacèutics, perquè vostè pugui aprofitar-se dels beneficis i descomptes que tingui acumulats. Podeu consultar el llistat de farmàcies col·laboradores amb ECOCEUTICS al següent enllaç https://www.ecoceutics.com/las-farmacias/.</p>



<p>Finalment, us informem que podeu exercir els vostres drets d&#8217;accés, rectificació, supressió, limitació del tractament, portabilitat de les dades i oposició inclosa l&#8217;elaboració de perfils, així com retirar en qualsevol moment el consentiment sense que això afecti la licitud del tractament previ a retirada. Per a l&#8217;exercici d&#8217;aquests drets, podeu enviar la vostra sol·licitud a: Avinguda Diagonal 472-476 esc. A 1r 2a, 08006 Barcelona; oa l&#8217;adreça de correu electrònic dpo@ecoceutics.com. Podeu contactar amb el nostre Delegat de Protecció de Dades a l&#8217;adreça postal abans indicada o al correu electrònic dpo@ecoceutics.com.</p>



<p>En tot cas, vostè té dret a presentar una reclamació davant la corresponent autoritat de control si ho estima oportú.</p>

<p>En compliment del que es disposa al Reglament (UE) 2016/679, de protecció de dades de caràcter personal, us informem que les dades personals que vostè faciliti seran tractades segons el següent: Les dades personals que ens faciliti mitjançant l&#8217;emplenament del present formulari es tractaran per a les finalitats següents: 1a. Possibilitar el manteniment, desenvolupament i [&hellip;]</p>

<!-- This site is optimized with the Yoast SEO plugin v27.5 - https://yoast.com/product/yoast-seo-wordpress/ -->
<title>Política de privacitat - ecoceutics</title>
<meta name="robots" content="noindex, nofollow" />
<meta property="og:locale" content="ca_ES" />
<meta property="og:type" content="article" />
<meta property="og:title" content="Política de privacitat - ecoceutics" />
<meta property="og:description" content="En compliment del que es disposa al Reglament (UE) 2016/679, de protecció de dades de caràcter personal, us informem que les dades personals que vostè faciliti seran tractades segons el següent: Les dades personals que ens faciliti mitjançant l&#8217;emplenament del present formulari es tractaran per a les finalitats següents: 1a. Possibilitar el manteniment, desenvolupament i [&hellip;]" />
<meta property="og:url" content="https://www.ecoceutics.com/ca/politica-de-privacitat-ecoceutics/" />
<meta property="og:site_name" content="ecoceutics" />
<meta property="article:modified_time" content="2022-12-21T10:50:29+00:00" />
<meta name="twitter:card" content="summary_large_image" />
<meta name="twitter:label1" content="Temps estimat de lectura" />
	<meta name="twitter:data1" content="3 minuts" />
<script type="application/ld+json" class="yoast-schema-graph">{"@context":"https:\/\/schema.org","@graph":[{"@type":"WebPage","@id":"https:\/\/www.ecoceutics.com\/ca\/politica-de-privacitat-ecoceutics\/","url":"https:\/\/www.ecoceutics.com\/ca\/politica-de-privacitat-ecoceutics\/","name":"Política de privacitat - ecoceutics","isPartOf":{"@id":"https:\/\/www.ecoceutics.com\/ca\/#website"},"datePublished":"2021-01-19T18:06:20+00:00","dateModified":"2022-12-21T10:50:29+00:00","breadcrumb":{"@id":"https:\/\/www.ecoceutics.com\/ca\/politica-de-privacitat-ecoceutics\/#breadcrumb"},"inLanguage":"ca","potentialAction":[{"@type":"ReadAction","target":["https:\/\/www.ecoceutics.com\/ca\/politica-de-privacitat-ecoceutics\/"]}]},{"@type":"BreadcrumbList","@id":"https:\/\/www.ecoceutics.com\/ca\/politica-de-privacitat-ecoceutics\/#breadcrumb","itemListElement":[{"@type":"ListItem","position":1,"name":"Portada","item":"https:\/\/www.ecoceutics.com\/ca\/"},{"@type":"ListItem","position":2,"name":"Política de privacitat"}]},{"@type":"WebSite","@id":"https:\/\/www.ecoceutics.com\/ca\/#website","url":"https:\/\/www.ecoceutics.com\/ca\/","name":"ecoceutics","description":"Primera red de farmacias independientes bajo una marca","publisher":{"@id":"https:\/\/www.ecoceutics.com\/ca\/#organization"},"potentialAction":[{"@type":"SearchAction","target":{"@type":"EntryPoint","urlTemplate":"https:\/\/www.ecoceutics.com\/ca\/?s={search_term_string}"},"query-input":{"@type":"PropertyValueSpecification","valueRequired":true,"valueName":"search_term_string"}}],"inLanguage":"ca"},{"@type":"Organization","@id":"https:\/\/www.ecoceutics.com\/ca\/#organization","name":"Ecoceutics","url":"https:\/\/www.ecoceutics.com\/ca\/","logo":{"@type":"ImageObject","inLanguage":"ca","@id":"https:\/\/www.ecoceutics.com\/ca\/#\/schema\/logo\/image\/","url":"https:\/\/www.ecoceutics.com\/wp-content\/uploads\/2022\/02\/Logo-Ecoceutics-SVG-01-1.svg","contentUrl":"https:\/\/www.ecoceutics.com\/wp-content\/uploads\/2022\/02\/Logo-Ecoceutics-SVG-01-1.svg","width":232,"height":68,"caption":"Ecoceutics"},"image":{"@id":"https:\/\/www.ecoceutics.com\/ca\/#\/schema\/logo\/image\/"}}]}</script>
<!-- / Yoast SEO plugin. -->

Política de privacitat - ecoceutics

En compliment del que es disposa al Reglament (UE) 2016/679, de protecció de dades de caràcter personal, us informem que les dades personals que vostè faciliti seran tractades segons el següent: Les dades personals que ens faciliti mitjançant l&#8217;emplenament del present formulari es tractaran per a les finalitats següents: 1a. Possibilitar el manteniment, desenvolupament i [&hellip;]
